58?
849
Calculate the remainder when 3497466 is divided by 699490.
16
Calculate the remainder when 132394 is divided by 5088.
106
Calculate the remainder when 15233613 is divided by 3693.
3681
Calculate the remainder when 185418320 is divided by 30.
20
Calculate the remainder when 132333 is divided by 883.
766
What is the remainder when 209299 is divided by 612?
607
What is the remainder when 279518 is divided by 279514?
4
Calculate the remainder when 67489130 is divided by 222.
20
What is the remainder when 13463 is divided by 12178?
1285
Calculate the remainder when 182235 is divided by 43736.
7291
What is the remainder when 28833784 is divided by 3952?
3944
Calculate the remainder when 7527 is divided by 2750.
2027
What is the remainder when 110838 is divided by 50?
38
Calculate the remainder when 2081873 is divided by 852.
437
Calculate the remainder when 101294 is divided by 1254.
974
Calculate the remainder when 26979 is divided by 25570.
1409
What is the remainder when 2298457 is divided by 343?
14
Calculate the remainder when 23355350 is divided by 4671059.
55
What is the remainder when 2255686 is divided by 64?
6
Calculate the remainder when 2980943 is divided by 127.
126
What is the remainder when 557245 is divided by 28?
17
Calculate the remainder when 286448 is divided by 361.
175
Calculate the remainder when 39791043 is divided by 84.
75
Calculate the remainder when 94703185 is divided by 3046.
3045
What is the remainder when 23981239 is divided by 3996871?
13
Calculate the remainder when 6935 is divided by 2578.
1779
What is the remainder when 8758779 is divided by 6212?
6071
What is the remainder when 3178315 is divided by 3172?
3143
What is the remainder when 54168 is divided by 1123?
264
Calculate the remainder when 135480 is divided by 134904.
576
Calculate the remainder when 1127152 is divided by 730.
32
What is the remainder when 1791060 is divided by 68883?
102
Calculate the remainder when 55405 is divided by 2637.
28
What is the remainder when 750264 is divided by 44?
20
Calculate the remainder when 73905 is divided by 2048.
177
Calculate the remainder when 21744280 is divided by 38.
34
What is the remainder when 1368320 is divided by 3698?
60
Calculate the remainder when 8274156 is divided by 175.
156
What is the remainder when 258185 is divided by 85609?
1358
Calculate the remainder when 59094820 is divided by 2931.
2929
Calculate the remainder when 207343 is divided by 1257.
1195
Calculate the remainder when 55627121 is divided by 29.
17
What is the remainder when 268298 is divided by 430?
408
What is the remainder when 226313 is divided by 1024?
9
What is the remainder when 113794 is divided by 11374?
54
What is the remainder when 1104054 is divided by 143?
94
What is the remainder when 136351 is divided by 1986?
1303
What is the remainder when 1617220 is divided by 147002?
198
Calculate the remainder when 8222494 is divided by 63740.
34
What is the remainder when 334707 is divided by 152?
3
What is the remainder when 12604177 is divided by 89?
86
Calculate the remainder when 6690 is divided by 12.
6
What is the remainder when 1968318 is divided by 320?
318
Calculate the remainder when 523467 is divided by 15825.
1242
What is the remainder when 5774026 is divided by 2887011?
4
Calculate the remainder when 95655 is divided by 2585.
10
Calculate the remainder when 299180656 is divided by 49863442.
4
Calculate the remainder when 1044656 is divided by 756.
620
Calculate the remainder when 2611695 is divided by 6.
3
What is the remainder when 6017044 is divided by 752126?
36
What is the remainder when 70645 is divided by 210?
85
Calculate the remainder when 673445 is divided by 67343.
15
Calculate the remainder when 21836 is divided by 6668.
1832
Calculate the remainder when 735694 is divided by 78.
76
What is the remainder when 1924247 is divided by 125?
122
What is the remainder when 33779129 is divided by 888924?
17
Calculate the remainder when 15469960 is divided by 5646.
5566
What is the remainder when 4489 is divided by 349?
301
What is the remainder when 390932782 is divided by 137?
131
What is the remainder when 782907 is divided by 183?
33
Calculate the remainder when 48323960 is divided by 896.
888
Calculate the remainder when 345912369 is divided by 571.
569
Calculate the remainder when 74820563 is divided by 255.
248
Calculate the remainder when 1340527 is divided by 335039.
371
What is the remainder when 79094 is divided by 6055?
379
Calculate the remainder when 4098355 is divided by 128073.
19
Calculate the remainder when 922386 is divided by 43923.
3
Calculate the remainder when 23207 is divided by 4658.
4575
Calculate the remainder when 19845650 is divided by 315.
20
Calculate the remainder when 117857 is divided by 394.
51
Calculate the remainder when 4506910 is divided by 48988.
14
Calculate the remainder when 318258 is divided by 5300.
258
Calculate the remainder when 633251 is divided by 211050.
101
What is the remainder when 115661569 is divided by 7439?
7436
Calculate the remainder when 1272160 is divided by 15514.
12
What is the remainder when 4212057 is divided by 2592?
57
What is the remainder when 922939 is divided by 461342?
255
Calculate the remainder when 28203293 is divided by 209.
206
What is the remainder when 1107574 is divided by 41?
0
Calculate the remainder when 1122128 is divided by 373857.
557
What is the remainder when 72472 is divided by 5120?
792
Calculate the remainder when 2695795 is divided by 7836.
211
Calculate the remainder when 96554663 is divided by 13.
10
What is the remainder when 36114 is divided by 2568?
162
What is the remainder when 194815 is divided by 131?
18
Calculate the remainder when 66525 is divided by 1265.
745
What is the remainder when 707405 is divided by 235800?
5
What is the remainder when 11711881 is divided by 579?
448
Calculate the remainder when 6184120 is divided by 3694.
364
Calculate the remainder when 17424589 is divided by 74.
31
What is the remainder when 239767 is divided by 1255?
62
What is the remainder when 608530 is divided by 18429?
373
What is the remainder when 16994 is divided by 184?
66
What is the remainder when 1817322 is divided by 165204?
78
What is the remainder when 5795910 is divided by 32559?
408
What is the remainder when 288882 is divided by 5449?
85
What is the remainder when 917954 is divided by 1567?
1259
Calculate the remainder when 18560353 is divided by 713859.
19
Calculate the remainder when 463790 is divided by 9447.
887
Calculate the remainder when 24169 is divided by 1.
0
Calculate the remainder when 716225 is divided by 178.
131
Calculate the remainder when 4301101 is divided by 1171.
18
What is the remainder when 767080 is divided by 383483?
114
Calculate the remainder when 200314 is divided by 65688.
3250
Calculate the remainder when 224789 is divided by 73.
22
Calculate the remainder when 866843 is divided by 50989.
30
What is the remainder when 2277515 is divided by 2277496?
19
Calculate the remainder when 65390784 is divided by 3965.
4
What is the remainder when 2137261 is divided by 72?
13
Calculate the remainder when 1707267 is divided by 234.
3
Calculate the remainder when 74777795 is divided by 62471.
8
Calculate the remainder when 4366734 is divided by 22982.
154
What is the remainder when 11859784 is divided by 2964933?
52
Calculate the remainder when 1428116 is divided by 132.
8
What is the remainder when 24609916 is divided by 211?
142
What is the remainder when 513501 is divided by 182?
79
Calculate the remainder when 9312541 is divided by 3877.
3864
What is the remainder when 97881791 is divided by 1269?
14
What is the remainder when 21708255 is divided by 39?
36
Calculate the remainder when 83673 is divided by 3108.
2865
Calculate the remainder when 14468407 is divided by 245227.
14
What is the remainder when 154256299 is divided by 425?
424
Calculate the remainder when 3186 is divided by 527.
24
Calculate the remainder when 1461651 is divided by 25.
1
Calculate the remainder when 32413366 is divided by 156.
154
Calculate the remainder when 17467591 is divided by 67.
21
What is the remainder when 70415218 is divided by 2062?
2042
What is the remainder when 1890803 is divided by 290?
3
What is th